(r) = r**3 - 41*r**2 + 36*r + 282. List the prime factors of x(41).
2, 3, 293
Let o = -6 + 9. Let p be 701/5 - o/15. Suppose 2*w - 80 + 6 = 4*x, -p = -5*w - 5*x. What are the prime factors of w?
31
Let r(j) = -16*j + 51. List the prime factors of r(-27).
3, 7, 23
Suppose -5*x + 5383 + 8430 = l, 2*l = 5*x - 13804. List the prime factors of x.
2, 1381
Suppose 0 = -5*u + 3*p + 6770, -2708 = -2*u + 19*p - 22*p. What are the prime factors of u?
2, 677
Suppose -o - 7 = -3*o - m, -4*o + 7 = -5*m. Suppose v - 2*v = 2*f - 241, o = -v. List the prime factors of f.
2, 61
Let q(l) = l**2 - 9*l + 10. Let k be q(11). What are the prime factors of (k/(-3) - -4)/((-2)/9)?
2, 3, 5
Let p = 29 + -20. Let w(u) = -u**2 + 4*u + u**3 + 4*u**2 + 3*u**2 - p. What are the prime factors of w(-4)?
7
Suppose -o + 4 - 3 = 0. Let s = o + 0. Suppose -b = s - 65. List the prime factors of b.
2
Suppose 301 = p - 5*x, 3*p = -0*p - 3*x + 867. List the prime factors of p.
3, 97
What are the prime factors of 1333/5 - (15 + (-847)/55)?
3, 89
Suppose 0 = -3*r - 3*x + 2*x + 3512, -3*x = 4*r - 4681. List the prime factors of r.
1171
Let k(l) = -7*l + 136. What are the prime factors of k(-35)?
3, 127
What are the prime factors of -657*((-1)/(-3))/(-1)?
3, 73
Suppose 3*b + n - 14 = 0, -3*b - 6 + 0 = -3*n. Let a be (b - 6/2)/1. Suppose 0 = -5*k + x + 43, 0 = 2*k - x - a*x - 16. What are the prime factors of k?
3
What are the prime factors of (-276)/46*902/(-3)?
2, 11, 41
Suppose 5*b - 3*l + 23 = 0, 4*b + 2*l + 20 = 6. Let p = -29 - b. Let z = -14 - p. List the prime factors of z.
11
Let p = -5337 - -9616. List the prime factors of p.
11, 389
Let q(a) = 13*a**3 + 21*a**2 + 7*a - 3. Let x(w) = 7*w**3 + 11*w**2 + 4*w - 2. Let n(f) = 6*q(f) - 11*x(f). Let t = 5 + -9. What are the prime factors of n(t)?
2, 7
Let t(f) = -312*f - 22. What are the prime factors of t(-3)?
2, 457
Let n = 18 + -24. Let m(c) = -c**3 - 4*c**2 - 11. What are the prime factors of m(n)?
61
Let o be 190/15 + 4/(-6). Suppose -16 - o = -5*y - 2*k, 0 = -5*y - 5*k + 25. Suppose 2*x - 5*b - 41 = 0, b - y*b + 71 = 2*x. What are the prime factors of x?
2, 7
Let z(y) = 13*y**2 + 3*y. Suppose n - 26 = -5*b, -2*b = -0*n + 4*n - 14. What are the prime factors of z(n)?
2
Let b be (-4)/(-24) - (-11)/6. Suppose 3*y + y - 5*q - 22 = 0, 2*q = -5*y + 11. Suppose b*i = -y*i + 115. List the prime factors of i.
23
Suppose 3*m + 6*a = a - 12, 7 = m - 2*a. What are the prime factors of m - -24 - (5 + -9)?
29
Suppose 0 = -3*z + 2 - 5, 0 = 4*g + z - 43. Suppose -5*n - 2*x = -10*n + g, 3 = -3*n - 2*x. Let h = 14 + n. What are the prime factors of h?
3, 5
Let s(q) = 2*q**3 + q**2 - 11*q - 13. List the prime factors of s(5).
3, 23
Suppose 621*d = 625*d - 13624. What are the prime factors of d?
2, 13, 131
Suppose 0 = -3*n - 13*n + 81808. List the prime factors of n.
5113
Suppose -5*v + 907 + 2953 = 0. Suppose 0*y - y = -5*b + v, -5*b + 768 = y. List the prime factors of b.
2, 7, 11
List the prime factors of 330 - (-7 + 0/(-6)).
337
Let p be ((-9)/3 + -4)*9/(-9). Let q(w) = 2*w**3 - 14*w**2 + 11*w - 6. What are the prime factors of q(p)?
71
Let w(f) = -f**2 + 8*f - 9. Let k be w(6). Suppose 252 = k*d - 2*s, -2*d + d + 84 = -2*s. Suppose -2*z + d = z. What are the prime factors of z?
2, 7
Let k(n) = 8*n**2 - 2*n + 20. What are the prime factors of k(6)?
2, 37
Let h(z) = 4*z**2 + 34*z - 203. List the prime factors of h(11).
5, 131
What are the prime factors of (-19973)/(-9) + (-17)/(612/8)?
7, 317
Let j = -205 + 1142. List the prime factors of j.
937
Let s(z) = -2*z + 3. Let k(b) = 3*b - 4. Let v(r) = -5*k(r) - 4*s(r). What are the prime factors of v(-3)?
29
Suppose -1408*l + 41922 = -1399*l. List the prime factors of l.
2, 17, 137
Let i be (-1)/(-3) - (-1)/(-3). Let t(x) be the second derivative of -x**5/20 - x**4/12 + x**2 - 3*x. What are the prime factors of t(i)?
2
Suppose 0 = q + l - 1027, 12*q - 4*l - 2072 = 10*q. What are the prime factors of q?
2, 5, 103
List the prime factors of -5 - (2/(-4) + 20986/(-28)).
5, 149
Suppose 0 = 5*v - 20, -5*k + 4*k - 4*v = -763. What are the prime factors of k?
3, 83
Suppose -9*u + 540 + 4059 = 0. List the prime factors of u.
7, 73
Let x(z) = z**2 + 249*z**3 - 41 - 5*z**3 + 39. What are the prime factors of x(1)?
3
Let b(y) = 5*y + 45. Let u be b(-9). Suppose u = 38*q - 39*q + 210. What are the prime factors of q?
2, 3, 5, 7
Let b be 66*4*4/32 - -3. What are the prime factors of 3/(b/1136)*(-6)/(-4)?
2, 71
Suppose 0 = -u + 7 - 9. Let t be u/8 - (-4)/16. Suppose -3*c + 25 + 62 = t. List the prime factors of c.
29
Let k(d) = -17*d - 25. Suppose 9*q = 4*q - 25. List the prime factors of k(q).
2, 3, 5
Suppose 14*c - 9177 - 679 = 0. What are the prime factors of c?
2, 11
Suppose 5 = -4*o + 1. List the prime factors of ((-930)/(-50))/(o/(-5)).
3, 31
Suppose -8*f + 1760 + 4536 = 0. List the prime factors of f.
787
List the prime factors of 98 - -859 - (2 + (-1 - -1)).
5, 191
Let s(g) = -48*g + 2. Let w = -16 - -15. Let h be s(w). Suppose h = -0*t + 2*t. What are the prime factors of t?
5
Let d(l) = l**2 - 12*l + 39. Let x be d(6). List the prime factors of (-3)/((-594)/195 + x).
5, 13
Let n(h) = h**2 - 3*h + 8. Suppose 15 = -23*s + 28*s. List the prime factors of n(s).
2
What are the prime factors of (63/35)/(3/1985)?
3, 397
Let r = 49 - 26. Let i = -20 + r. Suppose 89 = i*s + 2*k, s + k - 36 = -6. What are the prime factors of s?
29
Let z(o) = -159*o - 33. What are the prime factors of z(-1)?
2, 3, 7
Let x = 1593 - -331. List the prime factors of x.
2, 13, 37
Let m(z) = 38*z**3 + 2*z**2 - z. Suppose 2 = -s + 5. Suppose -3*r = -s - 0. List the prime factors of m(r).
3, 13
Let l be 2/11 - (-1467)/99. Let x = -15 + l. Suppose x = -2*w - 10 + 82. What are the prime factors of w?
2, 3
Let c(f) = 5*f**2 - 26*f - 7. What are the prime factors of c(-19)?
2, 3, 191
Let j(f) = -3*f**2 + 21*f + 5. Let s be j(7). Let t(w) = 14*w - 13. List the prime factors of t(s).
3, 19
Suppose -27408 = -10*j - 2*j. What are the prime factors of j?
2, 571
Suppose -3*l + 369 = 114. Suppose 5*t - l - 95 = 0. What are the prime factors of t?
2, 3
Let t(r) = r**2 - 4*r - 14. Let o be t(-7). Let n = o - 43. What are the prime factors of n?
2, 5
Suppose 2*i + 11 = -3*a + 77, 4*i - a = 104. Let u = -16 + i. What are the prime factors of u?
11
Suppose 3*c = -f - c + 11, 3*f - 3*c = 18. Suppose -f*p = -4*p - 6. Suppose -40 - p = -3*l. What are the prime factors of l?
2, 7
Let p be (-7)/((-105)/9)*5. Suppose b - 158 = 3*k, -7*k - 454 = -3*b - p*k. List the prime factors of b.
2, 73
Let j = 70 - 22. Let y = 124 + -35. Let u = y - j. What are the prime factors of u?
41
Let g = -21 + 9. Let x(i) = i**2 + 11*i + 27. List the prime factors of x(g).
3, 13
Let k = -160 + 19. Let m = 96 + k. Let j = -12 - m. What are the prime factors of j?
3, 11
Let w(a) = -a**2 - 6*a - 5. Let d be w(-4). Suppose -10 = -0*g + d*g + 2*u, -3*g + 20 = -4*u. Suppose -2*t + 53 - 7 = g. What are the prime factors of t?
23
Suppose 4*m = -2*r + 6, -2 = 2*r + 8. Suppose 5*t - 3*n = 6, -t - 12 = 4*n - m. Suppose -2*d - 5*w + 89 = t, 4*d - w = -4*w + 171. List the prime factors of d.
2, 3, 7
Suppose q = b + 2, b + 3*q + 1 = -1. List the prime factors of 234/(-1 - -3) + b.
5, 23
Let p be (1 - 0 - 2)*-9. Suppose -3*t - 7 = -5*v + 30, 5*v + 4*t - p = 0. Suppose -2*i = 2*x + x - 61, -v*i - 3*x = -148. What are the prime factors of i?
29
Suppose -3*q + 12 = -5*z, 5*q - 2*q - 12 = -2*z. Let o(c) = -1 - 4*c - 14 - q*c. What are the prime factors of o(-7)?
41
Let u(y) = 4*y**2 + 10*y + 2. Let b be u(4). Let g = b - -142. What are the prime factors of g?
2, 31
Let r be (1 - 3)*(-277)/2. Let a = r - 156. Let n = a + -52. What are the prime factors of n?
3, 23
Let v be 110/(-2)*8/(-20). Suppose -5*g - v = -127. List the prime factors of g.
3, 7
Suppose 0 = -14*o - 17*o + 144770. List the prime factors of o.
2, 5, 467
Let p = 15 - 37. Let h = 31 + p. List the prime factors of h.
3
List the prime factors of ((-164)/8 + -3)*-2*3.
3, 47
Let g(m) = 17*m**2 - 8*m + 18. What are the prime factors of g(-7)?
907
Suppose 123975 + 73525 = 50*b. List the prime factors of b.
2, 5, 79
Suppose 1051 - 1231 = 6*v. Let l be 74/1 - (1 - 1). Let z = l + v. List the prime factors of z.
2, 11
Suppose 0 = 3*t - 10 -